{"id":22,"date":"2025-02-15T08:35:05","date_gmt":"2025-02-15T08:35:05","guid":{"rendered":"https:\/\/cybersecurity.stadiainc.com\/?page_id=22"},"modified":"2025-03-27T08:40:35","modified_gmt":"2025-03-27T08:40:35","slug":"about","status":"publish","type":"page","link":"https:\/\/cybersecurity.stadiainc.com\/index.php\/about\/","title":{"rendered":"About"},"content":{"rendered":"<p>[et_pb_section fb_built=&#8221;1&#8243; fullwidth=&#8221;on&#8221; admin_label=&#8221;Hero&#8221; _builder_version=&#8221;4.27.4&#8243; background_enable_image=&#8221;off&#8221; parallax=&#8221;on&#8221; custom_margin=&#8221;|0px||0px|false|false&#8221; custom_padding=&#8221;4px|0|33px|0px|false|false&#8221; da_disable_devices=&#8221;off|off|off&#8221; global_colors_info=&#8221;{}&#8221; da_is_popup=&#8221;off&#8221; da_exit_intent=&#8221;off&#8221; da_has_close=&#8221;on&#8221; da_alt_close=&#8221;off&#8221; da_dark_close=&#8221;off&#8221; da_not_modal=&#8221;on&#8221; da_is_singular=&#8221;off&#8221; da_with_loader=&#8221;off&#8221; da_has_shadow=&#8221;on&#8221;][et_pb_fullwidth_header title=&#8221;Cybers\u00e9curit\u00e9 des syst\u00e8mes industriels &#8211; \u00c0 propos de nous&#8221; admin_label=&#8221;Fullwidth Header&#8221; _builder_version=&#8221;4.27.4&#8243; title_font=&#8221;Share Tech||||||||&#8221; title_text_align=&#8221;center&#8221; title_font_size=&#8221;46px&#8221; title_line_height=&#8221;1.2em&#8221; content_font=&#8221;Open Sans||||||||&#8221; content_text_align=&#8221;center&#8221; content_font_size=&#8221;18px&#8221; content_line_height=&#8221;1.8em&#8221; background_color=&#8221;rgba(0,0,0,0)&#8221; use_background_color_gradient=&#8221;on&#8221; background_color_gradient_direction=&#8221;140deg&#8221; background_color_gradient_stops=&#8221;#004872 0%|rgba(0,22,165,0.53) 100%&#8221; background_color_gradient_start=&#8221;rgba(0,72,114,0.9)&#8221; background_color_gradient_end=&#8221;rgba(41,17,96,0.8)&#8221; parallax=&#8221;on&#8221; parallax_method=&#8221;on&#8221; custom_button_one=&#8221;on&#8221; button_one_text_size=&#8221;15px&#8221; button_one_bg_color=&#8221;#ffa727&#8243; button_one_border_width=&#8221;15px&#8221; button_one_border_color=&#8221;#ffa727&#8243; button_one_border_radius=&#8221;100px&#8221; button_one_letter_spacing=&#8221;5px&#8221; button_one_font=&#8221;Open Sans|700||on|||||&#8221; module_alignment=&#8221;center&#8221; custom_margin=&#8221;||||false|false&#8221; custom_padding=&#8221;1vw||1vw||false|false&#8221; custom_padding_tablet=&#8221;100px||100px||true&#8221; custom_padding_phone=&#8221;|||&#8221; custom_padding_last_edited=&#8221;on|desktop&#8221; title_font_size_tablet=&#8221;60px&#8221; title_font_size_phone=&#8221;36px&#8221; title_font_size_last_edited=&#8221;on|phone&#8221; content_font_size_tablet=&#8221;&#8221; content_font_size_phone=&#8221;16px&#8221; content_font_size_last_edited=&#8221;on|phone&#8221; button_one_text_size_tablet=&#8221;&#8221; button_one_text_size_phone=&#8221;&#8221; button_one_text_size_last_edited=&#8221;on|desktop&#8221; button_one_border_color_hover=&#8221;#ff8a3d&#8221; button_one_border_radius_hover=&#8221;100px&#8221; button_one_letter_spacing_hover=&#8221;5px&#8221; button_one_bg_color_hover=&#8221;#ff8a3d&#8221; global_colors_info=&#8221;{}&#8221; button_one_text_size__hover_enabled=&#8221;off&#8221; button_two_text_size__hover_enabled=&#8221;off&#8221; button_one_text_color__hover_enabled=&#8221;off&#8221; button_two_text_color__hover_enabled=&#8221;off&#8221; button_one_border_width__hover_enabled=&#8221;off&#8221; button_two_border_width__hover_enabled=&#8221;off&#8221; button_one_border_color__hover_enabled=&#8221;on&#8221; button_one_border_color__hover=&#8221;#ff8a3d&#8221; button_two_border_color__hover_enabled=&#8221;off&#8221; button_one_border_radius__hover_enabled=&#8221;on&#8221; button_one_border_radius__hover=&#8221;100px&#8221; button_two_border_radius__hover_enabled=&#8221;off&#8221; button_one_letter_spacing__hover_enabled=&#8221;on&#8221; button_one_letter_spacing__hover=&#8221;5px&#8221; button_two_letter_spacing__hover_enabled=&#8221;off&#8221; button_one_bg_color__hover_enabled=&#8221;on&#8221; button_one_bg_color__hover=&#8221;#ff8a3d&#8221; button_two_bg_color__hover_enabled=&#8221;off&#8221;]<\/p>\n<p><em><span style=\"font-size: x-large;\">Secure by Design!<\/span><\/em><\/p>\n<p>[\/et_pb_fullwidth_header][\/et_pb_section][et_pb_section fb_built=&#8221;1&#8243; admin_label=&#8221;Our Services&#8221; _builder_version=&#8221;4.27.4&#8243; custom_padding=&#8221;1px||0px|||&#8221; da_disable_devices=&#8221;off|off|off&#8221; global_colors_info=&#8221;{}&#8221; da_is_popup=&#8221;off&#8221; da_exit_intent=&#8221;off&#8221; da_has_close=&#8221;on&#8221; da_alt_close=&#8221;off&#8221; da_dark_close=&#8221;off&#8221; da_not_modal=&#8221;on&#8221; da_is_singular=&#8221;off&#8221; da_with_loader=&#8221;off&#8221; da_has_shadow=&#8221;on&#8221;][et_pb_row _builder_version=&#8221;4.27.4&#8243; max_width=&#8221;100%&#8221; custom_margin=&#8221;|||&#8221; custom_padding=&#8221;0px||0px|||&#8221; global_colors_info=&#8221;{}&#8221;][et_pb_column type=&#8221;4_4&#8243; _builder_version=&#8221;4.16&#8243; custom_padding=&#8221;|||&#8221; global_colors_info=&#8221;{}&#8221; custom_padding__hover=&#8221;|||&#8221;][et_pb_text _builder_version=&#8221;4.27.4&#8243; _module_preset=&#8221;default&#8221; global_colors_info=&#8221;{}&#8221;]<\/p>\n<p><span style=\"font-size: x-large;\"><strong>Historique\u00a0:<\/strong><\/span><\/p>\n<p><span style=\"font-size: large;\">Fond\u00e9e en 2003, Stadia est une microentreprise ayant \u00e9t\u00e9 cr\u00e9\u00e9 pour r\u00e9pondre \u00e0 un besoin urgent en industrie depuis des d\u00e9cennies; fournir ponctuellement des services de consultation dans une niche sp\u00e9cifique, l\u2019automation, ax\u00e9 exclusivement sur des services de haut niveau. \u00c0 la fondation, les domaines d\u2019activit\u00e9 de Stadia se limitaient \u00e0 l\u2019automatisation (PLC \u2013 Hmi \u2013 Motion Control).<\/span><\/p>\n<p><span style=\"font-size: x-large;\"><strong>Port\u00e9e des services fournis\u00a0:<\/strong><\/span><\/p>\n<p><span style=\"font-size: large;\">Nos services desservent actuellement trois grands domaines d\u2019activit\u00e9 : 1- La cyber-s\u00e9curit\u00e9 OT. 2- Conseil en architecture r\u00e9seau. 3- L\u2019automatisation des proc\u00e9d\u00e9s de production.\u00a0 Stadia offre la prise en charge compl\u00e8te ou partielle; D\u00e9veloppement, coordination avec les domaines d\u2019activit\u00e9 parall\u00e8le, mise en service, formation et support apr\u00e8s implantation. Nos services se font essentiellement directement chez les clients et nous avons l\u2019habitude des projets internationaux.<\/span><\/p>\n<p><strong style=\"font-size: x-large;\">Sites\u00a0:<\/strong><\/p>\n<p><span style=\"font-size: large;\">Stadia est pr\u00e9sent \u00e0 3 endroits\u00a0: Montr\u00e9al, Qu\u00e9bec et Saguenay. Nous envisageons actuellement de nous implanter en France et ailleurs en Europe.<\/span><\/p>\n<p><span style=\"font-size: x-large;\"><strong>Mod\u00e8le d\u2019entreprise\u00a0:<\/strong><\/span><\/p>\n<p><span style=\"font-size: large;\">Nous travaillons enti\u00e8rement sur un mod\u00e8le de collaboration avec nos clients. Nous attachons une importance primordiale \u00e0 nous fondre dans leur d\u00e9cor. Les clients de nos clients ignorent souvent que nous sommes contracteurs. Un second point qui nous d\u00e9marque, nous n\u2019offrons que des services de premi\u00e8res qualit\u00e9s. Nous n\u2019embauchons aucun candidat d\u00e9butant, ni ne faisons affaire avec des partenaires de calibre inf\u00e9rieur.<\/span><\/p>\n<p><span style=\"font-size: x-large;\"><strong>Activit\u00e9s\u00a0principales\u00a0:<\/strong><\/span><\/p>\n<p><span style=\"font-size: large;\">Cyber-s\u00e9curit\u00e9 &#8211; R\u00e9seautique &#8211; Automatisation<\/span><\/p>\n<p><strong style=\"font-size: x-large;\">Secteurs\u00a0:<\/strong><\/p>\n<p><span style=\"font-size: large;\">Scieries, Alumineries, Aci\u00e9ries, Mines, P\u00e2tes et papier, grandes compagnies en g\u00e9n\u00e9rales, pour les volets cyber-s\u00e9curit\u00e9 et r\u00e9seautique.<\/span><\/p>\n<p><strong style=\"font-size: x-large;\">Langues de travail:<\/strong><\/p>\n<p><span style=\"font-size: large;\">Fran\u00e7ais, Anglais, Espagnol, Portugais, Allemand.<\/span><\/p>\n<p>&nbsp;<\/p>\n<p>[\/et_pb_text][\/et_pb_column][\/et_pb_row][\/et_pb_section][et_pb_section fb_built=&#8221;1&#8243; fullwidth=&#8221;on&#8221; admin_label=&#8221;Feature&#8221; _builder_version=&#8221;4.27.4&#8243; background_image=&#8221;https:\/\/cybersecurity.stadiainc.com\/wp-content\/uploads\/2025\/02\/AdobeStock_720687858.jpg&#8221; parallax=&#8221;on&#8221; custom_margin=&#8221;|5%||&#8221; custom_padding=&#8221;100px|0|0px|0px|false|false&#8221; da_disable_devices=&#8221;off|off|off&#8221; border_radii=&#8221;||26vw|26vw|&#8221; locked=&#8221;off&#8221; global_colors_info=&#8221;{}&#8221; da_is_popup=&#8221;off&#8221; da_exit_intent=&#8221;off&#8221; da_has_close=&#8221;on&#8221; da_alt_close=&#8221;off&#8221; da_dark_close=&#8221;off&#8221; da_not_modal=&#8221;on&#8221; da_is_singular=&#8221;off&#8221; da_with_loader=&#8221;off&#8221; da_has_shadow=&#8221;on&#8221;][\/et_pb_section][et_pb_section fb_built=&#8221;1&#8243; specialty=&#8221;on&#8221; admin_label=&#8221;Values&#8221; _builder_version=&#8221;4.27.4&#8243; background_color=&#8221;#edf0f2&#8243; background_enable_image=&#8221;off&#8221; inner_max_width=&#8221;1440px&#8221; custom_padding=&#8221;10px||10px|||&#8221; da_disable_devices=&#8221;off|off|off&#8221; use_custom_width=&#8221;on&#8221; custom_width_px=&#8221;1440px&#8221; global_colors_info=&#8221;{}&#8221; da_is_popup=&#8221;off&#8221; da_exit_intent=&#8221;off&#8221; da_has_close=&#8221;on&#8221; da_alt_close=&#8221;off&#8221; da_dark_close=&#8221;off&#8221; da_not_modal=&#8221;on&#8221; da_is_singular=&#8221;off&#8221; da_with_loader=&#8221;off&#8221; da_has_shadow=&#8221;on&#8221;][et_pb_column type=&#8221;1_4&#8243; _builder_version=&#8221;4.16&#8243; custom_padding=&#8221;|||&#8221; global_colors_info=&#8221;{}&#8221; custom_padding__hover=&#8221;|||&#8221;][et_pb_text _builder_version=&#8221;4.16&#8243; text_font=&#8221;Open Sans||||||||&#8221; text_font_size=&#8221;16px&#8221; text_line_height=&#8221;1.8em&#8221; header_font=&#8221;||||||||&#8221; header_2_font=&#8221;Share Tech||||||||&#8221; header_2_font_size=&#8221;30px&#8221; header_2_line_height=&#8221;1.2em&#8221; header_2_font_size_last_edited=&#8221;off|desktop&#8221; locked=&#8221;off&#8221; global_colors_info=&#8221;{}&#8221;]<\/p>\n<h2>Apprenez-en plus&#8230;<\/h2>\n<p>La cybers\u00e9curit\u00e9 n&#8217;est l&#8217;affaire que du personnel IT et n&#8217;affecte que les donn\u00e9es sensibles&#8230; d\u00e9trompez-vous!<\/p>\n<p>[\/et_pb_text][\/et_pb_column][et_pb_column type=&#8221;3_4&#8243; specialty_columns=&#8221;3&#8243; _builder_version=&#8221;4.16&#8243; custom_padding=&#8221;|||&#8221; global_colors_info=&#8221;{}&#8221; custom_padding__hover=&#8221;|||&#8221;][et_pb_row_inner column_structure=&#8221;1_3,1_3,1_3&#8243; use_custom_gutter=&#8221;on&#8221; gutter_width=&#8221;2&#8243; _builder_version=&#8221;4.27.4&#8243; custom_padding=&#8221;30px|0px|0|0px|false|false&#8221; locked=&#8221;off&#8221; global_colors_info=&#8221;{}&#8221;][et_pb_column_inner type=&#8221;1_3&#8243; saved_specialty_column_type=&#8221;3_4&#8243; _builder_version=&#8221;4.27.4&#8243; custom_padding=&#8221;|||&#8221; global_colors_info=&#8221;{}&#8221; custom_padding__hover=&#8221;|||&#8221;][et_pb_blurb title=&#8221;les normes&#8221; use_icon=&#8221;on&#8221; font_icon=&#8221;&#xe06c;||divi||400&#8243; icon_color=&#8221;#ffffff&#8221; image_icon_width=&#8221;44px&#8221; module_class=&#8221;pa-blurb-icon-button&#8221; _builder_version=&#8221;4.27.4&#8243; _dynamic_attributes=&#8221;link_option_url&#8221; header_font=&#8221;|700|||||||&#8221; header_font_size=&#8221;12px&#8221; body_font=&#8221;Open Sans|700||on|||||&#8221; body_letter_spacing=&#8221;5px&#8221; use_background_color_gradient=&#8221;on&#8221; background_color_gradient_stops=&#8221;#2573f9 0%|rgba(37,115,249,0.73) 100%&#8221; background_color_gradient_overlays_image=&#8221;on&#8221; background_color_gradient_start=&#8221;#2573f9&#8243; background_color_gradient_end=&#8221;rgba(37,115,249,0.73)&#8221; background_image=&#8221;https:\/\/cybersecurity.stadiainc.com\/wp-content\/uploads\/2025\/02\/img-13.jpg&#8221; text_orientation=&#8221;center&#8221; background_layout=&#8221;dark&#8221; custom_padding=&#8221;30px|30px|30px|30px|true|true&#8221; animation_style=&#8221;slide&#8221; animation_direction=&#8221;left&#8221; animation_intensity_slide=&#8221;10%&#8221; link_option_url=&#8221;@ET-DC@eyJkeW5hbWljIjp0cnVlLCJjb250ZW50IjoicG9zdF9saW5rX3VybF9wYWdlIiwic2V0dGluZ3MiOnsicG9zdF9pZCI6IjUzMSJ9fQ==@&#8221; border_radii=&#8221;on|200px|200px|200px|200px&#8221; icon_font_size=&#8221;44px&#8221; locked=&#8221;off&#8221; global_colors_info=&#8221;{}&#8221;][\/et_pb_blurb][\/et_pb_column_inner][et_pb_column_inner type=&#8221;1_3&#8243; saved_specialty_column_type=&#8221;3_4&#8243; _builder_version=&#8221;4.27.4&#8243; custom_padding=&#8221;|||&#8221; global_colors_info=&#8221;{}&#8221; custom_padding__hover=&#8221;|||&#8221;][et_pb_blurb title=&#8221;Notre politique&#8221; use_icon=&#8221;on&#8221; font_icon=&#8221;&#xe035;||divi||400&#8243; icon_color=&#8221;#004a75&#8243; image_icon_width=&#8221;44px&#8221; module_class=&#8221;pa-blurb-icon-button&#8221; _builder_version=&#8221;4.27.4&#8243; _dynamic_attributes=&#8221;link_option_url&#8221; header_font=&#8221;|700|||||||&#8221; header_text_color=&#8221;#004a75&#8243; header_font_size=&#8221;12px&#8221; body_font=&#8221;Open Sans|700||on|||||&#8221; body_letter_spacing=&#8221;5px&#8221; use_background_color_gradient=&#8221;on&#8221; background_color_gradient_direction=&#8221;270deg&#8221; background_color_gradient_stops=&#8221;rgba(234,234,234,0.89) 0%|#d3d3d3 100%&#8221; background_color_gradient_overlays_image=&#8221;on&#8221; background_color_gradient_start=&#8221;rgba(234,234,234,0.89)&#8221; background_color_gradient_end=&#8221;#d3d3d3&#8243; background_image=&#8221;https:\/\/cybersecurity.stadiainc.com\/wp-content\/uploads\/2025\/02\/img-06.png&#8221; text_orientation=&#8221;center&#8221; background_layout=&#8221;dark&#8221; custom_padding=&#8221;30px|30px|30px|30px|true|true&#8221; animation_style=&#8221;slide&#8221; animation_direction=&#8221;left&#8221; animation_delay=&#8221;150ms&#8221; animation_intensity_slide=&#8221;10%&#8221; link_option_url=&#8221;@ET-DC@eyJkeW5hbWljIjp0cnVlLCJjb250ZW50IjoicG9zdF9saW5rX3VybF9wYWdlIiwic2V0dGluZ3MiOnsicG9zdF9pZCI6IjYwMSJ9fQ==@&#8221; border_radii=&#8221;on|200px|200px|200px|200px&#8221; icon_font_size=&#8221;44px&#8221; locked=&#8221;off&#8221; global_colors_info=&#8221;{}&#8221;][\/et_pb_blurb][\/et_pb_column_inner][et_pb_column_inner type=&#8221;1_3&#8243; saved_specialty_column_type=&#8221;3_4&#8243; _builder_version=&#8221;4.16&#8243; custom_padding=&#8221;|||&#8221; global_colors_info=&#8221;{}&#8221; custom_padding__hover=&#8221;|||&#8221;][et_pb_blurb title=&#8221;cyber assurances&#8221; use_icon=&#8221;on&#8221; font_icon=&#8221;&#xe028;||divi||400&#8243; icon_color=&#8221;#004a75&#8243; image_icon_width=&#8221;44px&#8221; module_class=&#8221;pa-blurb-icon-button&#8221; _builder_version=&#8221;4.27.4&#8243; _dynamic_attributes=&#8221;link_option_url&#8221; header_font=&#8221;|700|||||||&#8221; header_text_color=&#8221;#004a75&#8243; header_font_size=&#8221;12px&#8221; body_font=&#8221;Open Sans|700||on|||||&#8221; body_letter_spacing=&#8221;5px&#8221; background_color=&#8221;#ff8a3d&#8221; text_orientation=&#8221;center&#8221; background_layout=&#8221;dark&#8221; custom_padding=&#8221;30px|30px|30px|30px|true|true&#8221; animation_style=&#8221;slide&#8221; animation_direction=&#8221;left&#8221; animation_delay=&#8221;300ms&#8221; animation_intensity_slide=&#8221;10%&#8221; link_option_url=&#8221;@ET-DC@eyJkeW5hbWljIjp0cnVlLCJjb250ZW50IjoicG9zdF9saW5rX3VybF9wYWdlIiwic2V0dGluZ3MiOnsicG9zdF9pZCI6Ijg4NCJ9fQ==@&#8221; border_radii=&#8221;on|200px|200px|200px|200px&#8221; icon_font_size=&#8221;44px&#8221; locked=&#8221;off&#8221; global_colors_info=&#8221;{}&#8221;][\/et_pb_blurb][\/et_pb_column_inner][\/et_pb_row_inner][et_pb_row_inner column_structure=&#8221;1_2,1_2&#8243; use_custom_gutter=&#8221;on&#8221; gutter_width=&#8221;2&#8243; _builder_version=&#8221;4.27.4&#8243; locked=&#8221;off&#8221; global_colors_info=&#8221;{}&#8221;][et_pb_column_inner type=&#8221;1_2&#8243; saved_specialty_column_type=&#8221;3_4&#8243; _builder_version=&#8221;4.16&#8243; custom_padding=&#8221;|||&#8221; global_colors_info=&#8221;{}&#8221; custom_padding__hover=&#8221;|||&#8221;][et_pb_blurb title=&#8221;testez votre cyber s\u00e9curit\u00e9&#8221; url_new_window=&#8221;on&#8221; use_icon=&#8221;on&#8221; font_icon=&#8221;&#xf128;||fa||900&#8243; icon_color=&#8221;#ffffff&#8221; image_icon_width=&#8221;44px&#8221; module_class=&#8221;pa-blurb-icon-button&#8221; _builder_version=&#8221;4.27.4&#8243; header_font=&#8221;|700|||||||&#8221; header_font_size=&#8221;12px&#8221; body_font=&#8221;Open Sans|700||on|||||&#8221; body_letter_spacing=&#8221;5px&#8221; background_color=&#8221;#15314e&#8221; text_orientation=&#8221;center&#8221; background_layout=&#8221;dark&#8221; custom_padding=&#8221;30px|30px|30px|30px|true|true&#8221; animation_style=&#8221;slide&#8221; animation_direction=&#8221;left&#8221; animation_delay=&#8221;100ms&#8221; animation_intensity_slide=&#8221;10%&#8221; link_option_url=&#8221;https:\/\/cybersecurity.stadiainc.com\/wp-content\/uploads\/2025\/03\/Questionnaire-de-cybersecurite-pour-clients-v1.3.pdf&#8221; border_radii=&#8221;on|200px|200px|200px|200px&#8221; icon_font_size=&#8221;44px&#8221; locked=&#8221;off&#8221; global_colors_info=&#8221;{}&#8221;][\/et_pb_blurb][\/et_pb_column_inner][et_pb_column_inner type=&#8221;1_2&#8243; saved_specialty_column_type=&#8221;3_4&#8243; _builder_version=&#8221;4.16&#8243; custom_padding=&#8221;|||&#8221; global_colors_info=&#8221;{}&#8221; custom_padding__hover=&#8221;|||&#8221;][et_pb_blurb title=&#8221;les cyber attaques ot&#8221; use_icon=&#8221;on&#8221; font_icon=&#8221;&#xf714;||fa||900&#8243; icon_color=&#8221;#ffffff&#8221; image_icon_width=&#8221;44px&#8221; module_class=&#8221;pa-blurb-icon-button&#8221; _builder_version=&#8221;4.27.4&#8243; _dynamic_attributes=&#8221;link_option_url&#8221; header_font=&#8221;|700|||||||&#8221; header_font_size=&#8221;12px&#8221; body_font=&#8221;Open Sans|700||on|||||&#8221; body_letter_spacing=&#8221;5px&#8221; use_background_color_gradient=&#8221;on&#8221; background_color_gradient_direction=&#8221;270deg&#8221; background_color_gradient_stops=&#8221;rgba(37,115,249,0.74) 0%|#b0d9f2 100%&#8221; background_color_gradient_overlays_image=&#8221;on&#8221; background_color_gradient_start=&#8221;rgba(37,115,249,0.74)&#8221; background_color_gradient_end=&#8221;#b0d9f2&#8243; background_image=&#8221;https:\/\/cybersecurity.stadiainc.com\/wp-content\/uploads\/2025\/02\/it-services-02.jpg&#8221; text_orientation=&#8221;center&#8221; background_layout=&#8221;dark&#8221; custom_padding=&#8221;30px|30px|30px|30px|true|true&#8221; animation_style=&#8221;slide&#8221; animation_direction=&#8221;left&#8221; animation_delay=&#8221;450ms&#8221; animation_intensity_slide=&#8221;10%&#8221; link_option_url=&#8221;@ET-DC@eyJkeW5hbWljIjp0cnVlLCJjb250ZW50IjoicG9zdF9saW5rX3VybF9wYWdlIiwic2V0dGluZ3MiOnsicG9zdF9pZCI6IjU0NyJ9fQ==@&#8221; border_radii=&#8221;on|200px|200px|200px|200px&#8221; icon_font_size=&#8221;44px&#8221; locked=&#8221;off&#8221; global_colors_info=&#8221;{}&#8221;][\/et_pb_blurb][\/et_pb_column_inner][\/et_pb_row_inner][\/et_pb_column][\/et_pb_section]<\/p>\n","protected":false},"excerpt":{"rendered":"<p>Secure by Design!Historique\u00a0: Fond\u00e9e en 2003, Stadia est une microentreprise ayant \u00e9t\u00e9 cr\u00e9\u00e9 pour r\u00e9pondre \u00e0 un besoin urgent en industrie depuis des d\u00e9cennies; fournir ponctuellement des services de consultation dans une niche sp\u00e9cifique, l\u2019automation, ax\u00e9 exclusivement sur des services de haut niveau. \u00c0 la fondation, les domaines d\u2019activit\u00e9 de Stadia se limitaient \u00e0 l\u2019automatisation [&hellip;]<\/p>\n","protected":false},"author":1,"featured_media":0,"parent":0,"menu_order":0,"comment_status":"closed","ping_status":"closed","template":"","meta":{"_et_pb_use_builder":"on","_et_pb_old_content":"","_et_gb_content_width":"","footnotes":""},"class_list":["post-22","page","type-page","status-publish","hentry"],"jetpack_sharing_enabled":true,"_links":{"self":[{"href":"https:\/\/cybersecurity.stadiainc.com\/index.php\/wp-json\/wp\/v2\/pages\/22","targetHints":{"allow":["GET"]}}],"collection":[{"href":"https:\/\/cybersecurity.stadiainc.com\/index.php\/wp-json\/wp\/v2\/pages"}],"about":[{"href":"https:\/\/cybersecurity.stadiainc.com\/index.php\/wp-json\/wp\/v2\/types\/page"}],"author":[{"embeddable":true,"href":"https:\/\/cybersecurity.stadiainc.com\/index.php\/wp-json\/wp\/v2\/users\/1"}],"replies":[{"embeddable":true,"href":"https:\/\/cybersecurity.stadiainc.com\/index.php\/wp-json\/wp\/v2\/comments?post=22"}],"version-history":[{"count":22,"href":"https:\/\/cybersecurity.stadiainc.com\/index.php\/wp-json\/wp\/v2\/pages\/22\/revisions"}],"predecessor-version":[{"id":1813,"href":"https:\/\/cybersecurity.stadiainc.com\/index.php\/wp-json\/wp\/v2\/pages\/22\/revisions\/1813"}],"wp:attachment":[{"href":"https:\/\/cybersecurity.stadiainc.com\/index.php\/wp-json\/wp\/v2\/media?parent=22"}],"curies":[{"name":"wp","href":"https:\/\/api.w.org\/{rel}","templated":true}]}}